{"id":236,"date":"2022-06-30T20:06:56","date_gmt":"2022-06-30T20:06:56","guid":{"rendered":"https:\/\/lce.com.mx\/?page_id=236"},"modified":"2022-06-30T23:07:40","modified_gmt":"2022-06-30T23:07:40","slug":"privacy-policy","status":"publish","type":"page","link":"https:\/\/lce.com.mx\/index.php\/privacy-policy\/","title":{"rendered":"Privacy Policy"},"content":{"rendered":"[et_pb_section fb_built=&#8221;1&#8243; admin_label=&#8221;section&#8221; _builder_version=&#8221;3.22&#8243; global_colors_info=&#8221;{}&#8221; theme_builder_area=&#8221;post_content&#8221;][et_pb_row admin_label=&#8221;row&#8221; _builder_version=&#8221;3.25&#8243; background_size=&#8221;initial&#8221; background_position=&#8221;top_left&#8221; background_repeat=&#8221;repeat&#8221; global_colors_info=&#8221;{}&#8221; theme_builder_area=&#8221;post_content&#8221;][et_pb_column type=&#8221;4_4&#8243; _builder_version=&#8221;3.25&#8243; custom_padding=&#8221;|||&#8221; global_colors_info=&#8221;{}&#8221; custom_padding__hover=&#8221;|||&#8221; theme_builder_area=&#8221;post_content&#8221;][et_pb_text admin_label=&#8221;Text&#8221; _builder_version=&#8221;4.14.7&#8243; text_font=&#8221;Montserrat||||||||&#8221; text_font_size=&#8221;13px&#8221; link_font=&#8221;Montserrat||||||||&#8221; link_text_color=&#8221;gcid-1511c51b-45fe-4464-8f65-73648d928167&#8243; header_2_font=&#8221;Roboto|700|||||||&#8221; header_2_text_align=&#8221;center&#8221; background_size=&#8221;initial&#8221; background_position=&#8221;top_left&#8221; background_repeat=&#8221;repeat&#8221; text_font_size_tablet=&#8221;13px&#8221; text_font_size_phone=&#8221;13px&#8221; text_font_size_last_edited=&#8221;on|desktop&#8221; global_colors_info=&#8221;{%22gcid-1511c51b-45fe-4464-8f65-73648d928167%22:%91%22link_text_color%22%93}&#8221; theme_builder_area=&#8221;post_content&#8221;]<p><\/p>\n<h2 class=\"wp-block-heading\"><strong>AVISO DE PRIVACIDAD LCE<\/strong><\/h2>\n<p><strong><\/strong><\/p>\n<p><strong><\/strong><\/p>\n<p>En cumplimiento a la Ley Federal de Protecci\u00f3n de Datos Personales en Posesi\u00f3n de los Particulares, \u201cROSA ANGELICA SANCHEZ OSNAYA\u201d\u00a0en lo sucesivo\u00a0<strong>LCE<\/strong>, con domicilio Plaza Melchor Ocampo 30, Int. 5, Col. Cuauht\u00e9moc, C.P. 06500, CDMX; es responsable del tratamiento de sus datos personales e informa a Usted los t\u00e9rminos del Aviso de Privacidad.<\/p>\n<p><strong>Finalidad y Tratamiento de la Informaci\u00f3n Personal<\/strong><\/p>\n<ul>\n<li>Dise\u00f1o de proyectos, desarrollo y etapas impl\u00edcitas en el servicio, para atender las necesidades de cada cliente y cualquier\u00a0otra transacci\u00f3n relacionada con la prestaci\u00f3n de servicios de \u201cPlaneaci\u00f3n de adquisiciones y env\u00edos a M\u00e9xico, Coordinaci\u00f3n log\u00edstica y Gestor\u00eda de normas mexicanas NOM\u00b4s\u201d.<\/li>\n<li>As\u00ed mismo no se contemplan finalidades secundarias para el tratamiento de sus datos, siendo estas las que no dan origen o son necesarias para llevar a cabo y mantener la relaci\u00f3n entre usted y nosotros.<\/li>\n<\/ul>\n<p><strong>Datos Personales Recabados<\/strong><\/p>\n<p>Para las finalidades se\u00f1aladas en el presente Aviso de Privacidad, podemos recabar sus datos personales cuando usted nos los proporciona directamente, a trav\u00e9s del correo electr\u00f3nico dirigido a:\u00a0<u>asanchez@lce.com.mx<\/u>\u00a0o directamente en nuestro domicilio Plaza Melchor Ocampo 30, Int. 5, Col. Cuauht\u00e9moc, C.P. 06500, CDMX. Y cuando obtenemos informaci\u00f3n a trav\u00e9s de otras fuentes que est\u00e1n permitidas por la ley, que es cuando nos da informaci\u00f3n con objeto de que les prestemos un servicio. Los datos que obtenemos por este medio son los siguientes:<\/p>\n<ul>\n<li>Nombre y Apellidos completos<\/li>\n<li>Correo electr\u00f3nico.<\/li>\n<li>N\u00famero telef\u00f3nico.<\/li>\n<\/ul>\n<p><strong>Uso de Datos Sensibles<\/strong><\/p>\n<p>Para cumplir con las finalidades previstas en este Aviso de Privacidad, no ser\u00e1n recabados ni tratados datos personales sensibles que requieren de especial protecci\u00f3n.<\/p>\n<p><strong>Limitar el Uso o Divulgaci\u00f3n de Datos Personales<\/strong><\/p>\n<p>Informamos que sus datos personales no ser\u00e1n compartidos con ninguna autoridad, empresa, organizaci\u00f3n o persona distinta a nosotros, ser\u00e1n utilizados exclusivamente para los fines se\u00f1alados.<\/p>\n<p>De igual manera usted podr\u00e1 limitar en cualquier momento que a la informaci\u00f3n que nos proporcione, se le d\u00e9 el tratamiento adecuado, mediante:<\/p>\n<ul>\n<li>Una solicitud que deber\u00e1 ser presentada por escrito al siguiente domicilio: Plaza Melchor Ocampo 30, Int. 5, Col. Cuauht\u00e9moc, C.P. 06500, CDMX y\/o al correo electr\u00f3nico <u>asanchez@lce.com.mx<\/u><\/li>\n<li>Su inscripci\u00f3n en el \u201cRegistro P\u00fablico para Evitar Publicidad\u201d, que est\u00e1 a cargo de la Procuradur\u00eda Federal del Consumidor, con la finalidad de que sus datos personales no sean utilizados para recibir publicidad o promociones de empresas de bienes o servicios. Para mayor informaci\u00f3n sobre este registro, usted puede consultar el portal de internet de la PROFECO, o bien ponerse en contacto directo con \u00e9sta.<\/li>\n<li>Su inscripci\u00f3n en el \u201cRegistro P\u00fablico de Usuarios\u201d (REUS), a fin de restringir llamadas promocionales en n\u00fameros particulares (fijo o m\u00f3vil), laborales o correo electr\u00f3nico, buscando mantener a salvo su privacidad y evitar las molestias que causan estas llamadas o env\u00edo de informaci\u00f3n de las Instituciones Financieras. Para mayor informaci\u00f3n sobre este registro, usted puede consultar el portal de internet de la CONDUSEF, o bien ponerse en contacto directo con \u00e9sta.<\/li>\n<\/ul>\n<p><strong>Medios para Ejercer los Derechos de Acceso, Rectificaci\u00f3n, Cancelaci\u00f3n u Oposici\u00f3n \u2013 Derechos ARCO.<\/strong><\/p>\n<p>El acceso, rectificaci\u00f3n, cancelaci\u00f3n u oposici\u00f3n respecto a la informaci\u00f3n que proporcione a\u00a0<strong>LCE<\/strong>, se\u00f1alados en la \u201cLey Federal de Protecci\u00f3n de Datos Personales en Posesi\u00f3n de los Particulares,\u201d lo podr\u00e1 hacer mediante entrega de la solicitud que nos dirija, en t\u00e9rminos de lo establecido, deber\u00e1 ser presentada por escrito al siguiente domicilio: Plaza Melchor Ocampo 30, Int. 5, Col. Cuauht\u00e9moc, C.P. 06500, CDMX y\/o al correo electr\u00f3nico <u>asanchez@lce.com.mx<\/u>,\u00a0misma que se le responder\u00e1 por escrito o mediante correo electr\u00f3nico en los t\u00e9rminos ah\u00ed se\u00f1alados.<\/p>\n<p><strong>Transferencia de Datos<\/strong><\/p>\n<p>Le informamos que sus datos personales no ser\u00e1n compartidos con terceros ajenos a nosotros.<\/p>\n<p><strong>Control y Seguridad<\/strong><\/p>\n<p>Nos comprometemos a tomar las medidas necesarias para proteger la informaci\u00f3n recopilada, utilizando\u00a0tecnolog\u00edas de seguridad y procedimientos de control en el\u00a0acceso, uso o divulgaci\u00f3n de su informaci\u00f3n personal sin autorizaci\u00f3n.<\/p>\n<p><strong>Uso de Cookies, Web Beacons o Cualquier otra Tecnolog\u00eda<\/strong><\/p>\n<p>Le informamos que en nuestra p\u00e1gina de internet no utilizamos cookies y web beacons, tecnolog\u00edas que son \u00fatiles para obtener informaci\u00f3n personal de usted, como, por ejemplo; su tipo de navegador y sistema operativo, las p\u00e1ginas de internet que visita, los v\u00ednculos que sigue, la direcci\u00f3n IP, el sitio que visit\u00f3 antes de entrar al nuestro.<\/p>\n<p><strong>Revocar su Consentimiento para el Tratamiento de sus Datos<\/strong><\/p>\n<p>En todo momento, usted podr\u00e1 revocar el consentimiento que, en su caso nos haya otorgado para el tratamiento de sus datos personales. Sin embargo, es importante que tenga en cuenta que no en todos los casos podremos atender su solicitud o concluir el uso de forma inmediata, ya que es posible que por alguna obligaci\u00f3n legal requiramos seguir tratando sus datos personales. Asimismo, usted deber\u00e1 considerar que, para ciertos fines, la revocaci\u00f3n de su consentimiento implicar\u00e1 que no podamos proporcionarle el servicio solicitado, as\u00ed como no poder informarle sobre el tema que nos solicita a trav\u00e9s de su atento correo. Para revocar su consentimiento deber\u00e1 presentar su solicitud a trav\u00e9s de los siguientes medios:<\/p>\n<ul>\n<li>De manera electr\u00f3nica a la direcci\u00f3n de correo electr\u00f3nico:<a href=\"mailto:asanchez@lce.com.mx\">asanchez@lce.com.mx<\/a> <u>\u00a0<\/u><\/li>\n<li>De manera personal dirigi\u00e9ndose a la siguiente direcci\u00f3n: Su petici\u00f3n deber\u00e1 ir acompa\u00f1ada de la siguiente informaci\u00f3n: Plaza Melchor Ocampo 30, Int. 5, Col. Cuauht\u00e9moc, C.P. 06500, CDMX.<\/li>\n<\/ul>\n<p>Su petici\u00f3n deber\u00e1 ir acompa\u00f1ada de la siguiente informaci\u00f3n:<\/p>\n<ol>\n<li>Su nombre y domicilio para o\u00edr y recibir cualquier tipo de notificaci\u00f3n o cualquier otro medio para el mismo efecto.<\/li>\n<li>El documento que acredite su identidad o personalidad de su representante en su caso.<\/li>\n<li>La descripci\u00f3n clara y precisa de los datos personales respecto de los cuales revoca su consentimiento.<\/li>\n<\/ol>\n<p>El plazo para responder su solicitud es de m\u00e1ximo 20 d\u00edas h\u00e1biles a partir de su recepci\u00f3n y 15 d\u00edas h\u00e1biles m\u00e1s para cesar el tratamiento de o del dato personal sobre el cual revoca el consentimiento, en caso de procedencia. De acuerdo a la ley, los plazos podr\u00e1n ser ampliados por una sola vez y por un periodo igual cuando as\u00ed se justifique. Le informaremos sobre la procedencia de la misma a trav\u00e9s del medio o de los medios se\u00f1alados por usted para o\u00edr y recibir notificaciones en su solicitud.<\/p>\n<p><strong>Modificaciones al Aviso de Privacidad<\/strong><\/p>\n<ul>\n<li>Nos reservamos el derecho de efectuar en cualquier momento modificaciones o actualizaciones al presente Aviso de Privacidad, para la atenci\u00f3n de novedades legislativas, pol\u00edticas internas o nuevos requerimientos para la prestaci\u00f3n u ofrecimiento de nuestros servicios. Estas modificaciones lo comunicaremos a trav\u00e9s del correo electr\u00f3nico <a href=\"mailto:asanchez@lce.com.mx\">asanchez@lce.com.mx<\/a> <u><\/u><\/li>\n<\/ul>\n<p><strong>Ante Quien Puede Presentar sus Quejas y Denuncias por el Tratamiento Indebido de sus Datos Personales<\/strong><\/p>\n<p>Si usted considera que su derecho de protecci\u00f3n de datos personales ha sido lesionado por alguna conducta de nuestros empleados, nuestras actuaciones o respuestas, presume que en el tratamiento de sus datos personales existe alguna violaci\u00f3n a las disposiciones previstas en la Ley Federal de Protecci\u00f3n de Datos Personales en Posesi\u00f3n de los Particulares, podr\u00e1 interponer la queja o denuncia correspondiente ante el IFAI, para mayor informaci\u00f3n visite\u00a0<a href=\"http:\/\/www.ifai.org.mx\/\">www.ifai.org.mx<\/a><\/p>\n<p>Consiento (consentimos) que mis (nuestros) datos personales sean tratados conforme a los t\u00e9rminos y condiciones del presente Aviso de Privacidad.\u00a0<\/p>\n<p><\/p>[\/et_pb_text][\/et_pb_column][\/et_pb_row][\/et_pb_section]","protected":false},"excerpt":{"rendered":"<p>AVISO DE PRIVACIDAD LCE En cumplimiento a la Ley Federal de Protecci\u00f3n de Datos Personales en Posesi\u00f3n de los Particulares, \u201cROSA ANGELICA SANCHEZ OSNAYA\u201d\u00a0en lo sucesivo\u00a0LCE, con domicilio Plaza Melchor Ocampo 30, Int. 5, Col. Cuauht\u00e9moc, C.P. 06500, CDMX; es responsable del tratamiento de sus datos personales e informa a Usted los t\u00e9rminos del Aviso [&hellip;]<\/p>\n","protected":false},"author":2,"featured_media":0,"parent":0,"menu_order":0,"comment_status":"closed","ping_status":"closed","template":"","meta":{"_et_pb_use_builder":"on","_et_pb_old_content":"<!-- wp:divi\/placeholder \/-->","_et_gb_content_width":"","_joinchat":[],"footnotes":""},"class_list":["post-236","page","type-page","status-publish","hentry"],"_links":{"self":[{"href":"https:\/\/lce.com.mx\/index.php\/wp-json\/wp\/v2\/pages\/236","targetHints":{"allow":["GET"]}}],"collection":[{"href":"https:\/\/lce.com.mx\/index.php\/wp-json\/wp\/v2\/pages"}],"about":[{"href":"https:\/\/lce.com.mx\/index.php\/wp-json\/wp\/v2\/types\/page"}],"author":[{"embeddable":true,"href":"https:\/\/lce.com.mx\/index.php\/wp-json\/wp\/v2\/users\/2"}],"replies":[{"embeddable":true,"href":"https:\/\/lce.com.mx\/index.php\/wp-json\/wp\/v2\/comments?post=236"}],"version-history":[{"count":3,"href":"https:\/\/lce.com.mx\/index.php\/wp-json\/wp\/v2\/pages\/236\/revisions"}],"predecessor-version":[{"id":323,"href":"https:\/\/lce.com.mx\/index.php\/wp-json\/wp\/v2\/pages\/236\/revisions\/323"}],"wp:attachment":[{"href":"https:\/\/lce.com.mx\/index.php\/wp-json\/wp\/v2\/media?parent=236"}],"curies":[{"name":"wp","href":"https:\/\/api.w.org\/{rel}","templated":true}]}}